 -211 - 1268301?
-1268512
In base 11, what is 901122936 + 0?
901122936
In base 5, what is -3210332 + 400223?
-2310104
In base 14, what is -707cb95 - -1?
-707cb94
In base 15, what is 1 - e5245d?
-e5245c
In base 3, what is 1012121 + 111020111?
112110002
In base 13, what is -375 - 14c70?
-15315
In base 5, what is 24 + 111311002?
111311031
In base 11, what is 5462a3015 + -1?
5462a3014
In base 7, what is -1230431363 - -3?
-1230431360
In base 9, what is 3 + 5551222?
5551225
In base 9, what is -2 + -44468147?
-44468150
In base 10, what is 1007799 + -5?
1007794
In base 8, what is 537 - -427324?
430063
In base 11, what is 61a219 + 218?
61a436
In base 6, what is 4105011 + -221?
4104350
In base 14, what is 14d973 + 7?
14d97a
In base 6, what is 15302424314 - 1?
15302424313
In base 4, what is 232 + 2331010023?
2331010321
In base 15, what is 8c + 174b1c?
174ba9
In base 14, what is c + -121725?
-121717
In base 14, what is -702 - b33?
-1435
In base 3, what is -2101 - -1012210221?
1012201120
In base 13, what is -2 - -caa998?
caa996
In base 6, what is -2320515223 - 1?
-2320515224
In base 10, what is 360 + 193014?
193374
In base 9, what is 1803035 + 213?
1803248
In base 8, what is 631 + 11437?
12270
In base 15, what is -7 - -1d3ba8?
1d3ba1
In base 13, what is 5 - -1a078b6?
1a078bb
In base 8, what is 22577 - -1676?
24475
In base 15, what is -4a + -30c042?
-30c08c
In base 5, what is -10134424 - 30?
-10140004
In base 9, what is -223768 + 34?
-223734
In base 14, what is -25 + -621d3?
-62218
In base 16, what is 36 + a1cdb?
a1d11
In base 15, what is 15 + 12a6536?
12a654b
In base 5, what is 41104433 - -41?
41110024
In base 13, what is 2009 + -4833?
-2827
In base 15, what is 2e42e6 + -3?
2e42e3
In base 11, what is -2a6 + 221657?
221361
In base 7, what is 11233 + -301424?
-260161
In base 9, what is -16255822 - 8?
-16255831
In base 4, what is -3021 + 213012222?
213003201
In base 3, what is 221 - -102000011122212?
102000011200210
In base 10, what is 172 - 12761?
-12589
In base 16, what is 13e2a - -35?
13e5f
In base 9, what is -684 + -23251?
-24045
In base 10, what is 2058 - 1556?
502
In base 4, what is -30 - -222023102333?
222023102303
In base 2, what is -11000010101 - 111010100111?
-1010010111100
In base 13, what is -4 - 26ac1c?
-26ac23
In base 6, what is -50230 - -1001?
-45225
In base 6, what is -1300131 - -151434?
-1104253
In base 9, what is -642000 + -421?
-642421
In base 6, what is -5 + -4231400?
-4231405
In base 10, what is 1709 - 8737?
-7028
In base 13, what is 9 - -2765ac?
2765b8
In base 4, what is 13331113 - 3031121?
10233332
In base 10, what is 3 + -2840146?
-2840143
In base 9, what is -2101 + -52414?
-54515
In base 15, what is 5 - -18e777?
18e77c
In base 15, what is -2 + -10e57b04?
-10e57b06
In base 5, what is -133 + 1431040321?
1431040133
In base 12, what is 3 + -36a4235?
-36a4232
In base 10, what is 125 - -20540?
20665
In base 2, what is 1111100 + -110110111001111110101?
-110110111001101111001
In base 7, what is -45042365 + -2?
-45042400
In base 12, what is b39 + 250?
1189
In base 8, what is -5776 + 1002?
-4774
In base 16, what is -216 - 3393?
-35a9
In base 14, what is -79ba5 - -244?
-79961
In base 7, what is -22512 + -13625?
-36440
In base 6, what is -220253115122 + -3?
-220253115125
In base 6, what is 0 - 14013134504?
-14013134504
In base 12, what is 3 - -2b708b?
2b7092
In base 7, what is 33 - 1260651?
-1260615
In base 6, what is 3502 - -13505014?
13512520
In base 5, what is 4124023210 + 23?
4124023233
In base 11, what is 99a - -15538?
16427
In base 8, what is 2555004 - 115?
2554667
In base 5, what is 1111404 - -33131?
1200040
In base 11, what is -2 + a01a280?
a01a279
In base 14, what is -5 + cb19d40?
cb19d39
In base 8, what is 22034550 - 15?
22034533
In base 4, what is -103023 - -122300?
13211
In base 9, what is -131 - -7244522?
7244381
In base 2, what is -1 + 101100000111000011100101010?
101100000111000011100101001
In base 9, what is 37345153 - 5?
37345147
In base 5, what is -10 + -331113332?
-331113342
In base 5, what is 12122 + -1102032?
-1034410
In base 9, what is 433552 - 138?
433413
In base 13, what is 80 + 18c923?
18c9a3
In base 15, what is 30 - 8830c?
-882cc
In base 9, what is -4 + -27075021?
-27075025
In base 12, what is 38 + -356805?
-356789
In base 6, what is -24134 - -25?
-24105
In base 8, what is 125727 - -714?
126643
In base 10, what is -216562 + -24?
-216586
In base 14, what is -65b5 - -12bb?
-52d8
In base 14, what is -223 + 333c?
3119
In base 3, what is -200 + -100111022?
-100111222
In base 13, what is 109 - -461770?
461879
In base 5, what is 21413311004 - 3?
21413311001
In base 14, what is 1b0db2 + 9?
1b0dbb
In base 2, what is 101100100101100110 - 1010101010?
101100011010111100
In base 12, what is 1775 - -77369?
78b22
In base 9, what is 126122 + -428?
125583
In base 11, what is 3998445 + 1?
3998446
In base 15, what is -29e - -1147a?
111cb
In base 12, what is -2546 + 128?
-241a
In base 12, what is 0 + 82621?
82621
In base 16, what is 2 + -174aa4?
-174aa2
In base 5, what is -1 + 1322110312?
1322110311
In base 9, what is -18 - -6367?
6348
In base 16, what is -30 - -24bd78?
24bd48
In base 8, what is 21405041 + -3?
21405036
In base 12, what is 61582b4 + -5?
61582ab
In base 11, what is 4 + -8978217?
-8978213
In base 4, what is -1 + 1211102320300?
1211102320233
In base 4, what is -13112313101 + -3?
-13112313110
In base 6, what is 35424 + 534?
40402
In base 16, what is d4b + -499cb?
-48c80
In base 16, what is -c192 - 19a?
-c32c
In base 11, what is -11a7 - -9864?
8668
In base 2, what is 11011011100110001001010 - 111?
11011011100110001000011
In base 10, what is -13 - -31460975?
31460962
In base 4, what is 2100 + -12011000?
-12002300
In base 12, what is 1b59a + 223?
1b801
In base 15, what is 980549 - 0?
980549
In base 14, what is 4bb - -155d?
1a3a
In base 8, what is 3164 - 1202?
1762
In base 9, what is 4 - -6512637?
6512642
In base 2, what is 1101101011101111110110 - 10000010?
1101101011101101110100
In base 11, what is -4094 + -720?
-4804
In base 3, what is -1002200220 - -21012?
-1002102201
In base 15, what is -28b98 - 1e61?
-2ab09
In base 2, what is 10000010010100 + -10010010001111?
-1111111011
In base 11, what is -3 + -253634?
-253637
In base 10, what is -1 - 6261563?
-6261564
In base 12, what is -4 + -755045?
-755049
In base 5, what is 4120 - 210231?
-201111
In base 7, what is -305211 - 110?
-305321
In base 16, what is 1 - 9a664cf?
-9a664ce
In base 6, what is -103 + 5055254?
5055151
In base 15, what is -364bc - -1829?
-34b93
In base 6, what is -43514 + 552?
-42522
In base 12, what is -46418 + -77?
-46493
In base 10, what is -5121894 + -95?
-5121989
In base 10, what is -974 - 2003?
-2977
In base 13, what is -357 - -139a9?
13652
In base 8, what is 46513146 - 3?
46513143
In base 3, what is -1000000210201 + -210?
-1000000211111
In base 5, what is 4 - -114322302021?
114322302030
In base 12, what is -2 - -6ab7a5?
6ab7a3
In base 6, what is 10045105 - 15023?
10030042
In base 12, what is -2526a + -3730?
-2899a
In base 7, what is 1001521415 + -5?
1001521410
In base 15, what is -2bb29 - 121?
-2bc4a
In base 11, what is 33282 + 4700?
37982
In base 13, what is 4090 + -270?
3b20
In base 3, what is -101011102201 - 1210112?
-101020020020
In base 3, what is -1210200221101 + -1110221?
-1210202102022
In base 16, what is 5bbe32 - -f?
5bbe41
In base 10, what is 176746389 - -4?
176746393
In base 13, what is 1 - 542b45?
-542b44
In base 5, what is -41122 - -2234230?
2143103
In base 3, what is -201 - 100011000212001?
-100011000212202
In base 6, what is 53114534 + 123?
53115101
In base 11, what is 1a028a - -7a?
1a0359
In base 8, what is -676716 + -471?
-677407
In base 3, what is 20 - 21010222111220222?
-21010222111220202
In base 5, what is 0 - -1031111120?
1031111120
In base 10, what is -516602 - 4?
-516606
In base 4, what is -2111110230200 - -32?
-2111110230102
In base 6, what is 140134304 - 2?
140134302
In base 5, what is -13 - -10323114122?
10323114104
In base 4, what is 23 + -11012133012?
-11012132323
In base 14, what is -3a7dd277 - 5?
-3a7dd27c
In base 4, what is -133111 - -31010?
-102101
In base 6, what is 5414124 + -1253?
5412431
In base 13, what is 606c + -5105?
c67
In base 11, what is 5 + -26a9979?
-26a9974
In base 2, what is 101 + 1001011100101101101010?
10010